(12).
-6
Let z(o) = -o**3 - 23*o**2 - 26*o - 66. Let l be z(-22). Let w(u) = u**2 - 21*u - 19. Determine w(l).
3
Let u = 8 + -6. Let k = 207 + -174. Let j(r) = k - 7*r**2 - 12 + r - 22. Determine j(u).
-27
Let z = -43 - -23. Let g be 12/z - (2 + 24/(-15)). Let p(h) = 4*h**2 + h + 2. Let y be p(g). Let w(d) = -d**3 + 4*d**2 + 3*d + 4. What is w(y)?
-6
Let l(i) = -9*i - 979 + 912 + 13*i. What is l(18)?
5
Suppose 0*a = 3*g + 2*a - 20, -3*g + 8 = -a. Suppose -5*d + g*d = -5. Let p(r) = 6*r**2 + r - 9*r - d*r**2 + 9. What is p(7)?
2
Let i be (2 - 0)*-1*((-510)/68 + 7). Let h(t) = -8*t**3 - 2*t**3 - 3 - 2*t + 4. What is h(i)?
-11
Suppose 2*a - 5*a + 5*p = -199, 7*a - 433 = -4*p. Let y be 4*(6 - a/14). Let f(o) = o**3 - 4*o**2 - 11*o + 4. What is f(y)?
10
Let c(a) = a**2 + 13*a + 17. Let d(t) = 2*t**3 + 17*t**2 + 33*t + 2. Let f be d(-2). What is c(f)?
5
Suppose 10*m + 223 = 163. Let o(t) = t**2 + t - 1. Let d(z) = -z**3 - 9*z**2 - 6*z - 2. Let n(q) = -d(q) - 2*o(q). Calculate n(m).
16
Let o = -19 - -29. Let p be 2*1*15/o. Suppose -4*u + 17 = -p. Let j(d) = -d**2 + 5*d - 6. What is j(u)?
-6
Let a(h) = 2*h**2 + 6*h - 8. Let p(x) = 79*x**2 - 8*x + 11. Let l be p(2). Let w = l - 317. Determine a(w).
28
Let l(k) = 2*k**3 + k**2 - 7*k + 32. Let s be l(5). Let t = -262 + s. Let p(x) = x + 4. What is p(t)?
14
Suppose 0 = 4*p, -p + 4 = 4*o - 4. Suppose 16 = -o*u + 6*u. Let m(f) = 0*f + u*f + 7 - 2*f. Calculate m(-6).
-5
Let y(g) = -56*g**2 - 6557 + 13127 - 6569. What is y(1)?
-55
Suppose 33*s - 49*s = -240. Let w(d) = -5 + 211*d + s - 208*d. What is w(9)?
37
Suppose 5*w = -0*w - 5. Let a be 1*10*w/2. Let l(k) be the first derivative of k**3/3 + 2*k**2 - 7*k + 392. Give l(a).
-2
Let m(o) = o**2 - 11*o + 17. Let z be m(9). Let u(y) = -38*y**2 - 13*y - 7. Let c(r) = 2*r**2 + 2*r + 1. Let v(h) = -6*c(h) - u(h). Calculate v(z).
26
Let n(p) = 4 + 3 + 5*p + 4 + 11. Let c(v) = 14*v + 62. Let l(w) = -6*c(w) + 17*n(w). Let g be 1*(2 + 4/(-2)). Calculate l(g).
2
Let c be (-1 + 3)*-4*8/(-64). Let x(w) = -54*w - 4. Determine x(c).
-58
Let l(q) = q**2 - q. Let z(b) = -5*b**2 + 5*b + 3. Let w(m) = 6*l(m) + z(m). Let v(t) = -17*t - 124. Let o be v(11). Let u = o - -311. Determine w(u).
3
Suppose 5*p - 5*u + 25 = 0, -239 + 248 = -3*p - 3*u. Let q(i) be the third derivative of i**6/120 + i**5/30 - i**4/6 - i**2. Calculate q(p).
-16
Let b(a) = a + 2. Let n(t) = 2*t + 27. Let c(p) = p + 9. Let u(w) = 7*c(w) - 2*n(w). Let r = 14 + -19. Let m be u(r). Determine b(m).
-4
Let l(t) be the second derivative of -t**4/12 + 37*t**3/6 + 135*t**2/2 + 605*t + 2. What is l(40)?
15
Let n(d) be the third derivative of -d**5/60 + 5*d**4/12 - 19*d**3/6 + d**2. Let r = 4566 + -4558. Calculate n(r).
-3
Let m(z) = -z**2 + 3*z + 72. Let a = 17223 - 17231. Determine m(a).
-16
Let a(d) be the third derivative of -1/2*d**3 + 1/120*d**6 + 0 - 1/60*d**5 - 1/24*d**4 + 4*d**2 + 0*d. Let w = 1157 - 1157. Determine a(w).
-3
Let y(d) be the first derivative of 40 + 10*d + 1/2*d**2. What is y(-3)?
7
Let r(n) be the second derivative of -n**4/12 + n**3/6 + 2*n**2 + 337*n - 2. Let y be (-2)/7 + 60/14. Determine r(y).
-8
Let k(o) = 3*o**2 + 2*o + o + 111 - o**3 - 59 - 55 - o**2. Let b = -5 + 8. Suppose -b*q = 2*a + 2, -q = -5*a + 11 + 1. What is k(a)?
3
Let r(b) = -5*b**3 - 145*b**2 + 2*b + 54. Let g be r(-29). Let i(x) = -x**3 - 5*x**2 - x - 4. Calculate i(g).
-16
Let o(b) = 1412*b - 1417*b - 2*b**2 + 2 + b**2 + 0*b**2 - 3. Calculate o(-4).
3
Let m(a) = 38*a - 497. Suppose -6799*q + 6803*q = c + 61, -2*c + 34 = 4*q. Calculate m(q).
-3
Suppose 217*c - 222*c - 35 = 0, 67 = 3*y - 4*c. Let w(r) = 4*r - 52. Calculate w(y).
0
Let i(o) = o + 2 - 10*o - 8*o + 6*o - 37. Determine i(-8).
53
Let g(v) = 18*v**3 - 15*v**2 - 12*v**3 + 1 + 9*v - 10*v**3. Let r(n) = -3*n**3 - 10*n**2 + 6*n + 1. Let z(l) = 5*g(l) - 7*r(l). Give z(2).
-8
Let t(w) = 239*w - 33. Let b(c) = 136*c - 17. Let m(y) = 7*b(y) - 4*t(y). Give m(-6).
37
Let c(i) = -3 - 3*i**3 + 2*i**3 + 3*i**2 + 4 + 2*i. Let a be ((-6)/(-4))/(-4 - (-412)/104). Let b be 6/a + 164/52. Calculate c(b).
7
Let r(x) = 3*x - 3*x + 1 - 11*x**2 - 5*x**2. Let y = 1478 - 1477. Determine r(y).
-15
Let v(x) be the third derivative of x**4/8 - x**3/6 - x**2. Suppose -14*w + 188 + 204 = 0. Suppose -5*p = -n - 20 + w, 10 = -2*p - 3*n. Determine v(p).
-7
Suppose 4*b = 3*v - 4*v + 20, -2*v = -2*b + 10. Let h be 10 - b - 8 - -13. Let z(o) = 5 + 10*o - o**3 + h*o + 5*o**2 - 20*o. What is z(5)?
5
Let s = 220 - 205. Let o(n) = -s + 232*n - 119*n - 115*n. Determine o(-9).
3
Let x(y) = y**2 - 6*y + 1. Let u be (-826)/(-885) + (-1)/(-15) - -6. Give x(u).
8
Let c(o) = 8*o - 11. Let a be ((-1)/2 - 2)/((-55)/132). Let w(v) = v - 1. Let d(r) = a*w(r) - c(r). Suppose 3*x = 5 + 7. Give d(x).
-3
Let l(o) be the first derivative of 2*o**3 - o**2 + o - 142. Suppose 3*q - 4 = 2. Give l(q).
21
Let n(c) = -4*c - 95. Let t(k) = 7*k + 101. Let a(u) = -4*n(u) - 3*t(u). What is a(0)?
77
Suppose -2*c + 17 + 12 = -5*z, c - 22 = 4*z. Suppose 0 = 5*v - c + 7. Let s(u) = u**2. Let o(b) = -3*b**2 - 2*b - 1. Let q(n) = o(n) + 6*s(n). Give q(v).
4
Suppose -44 = 4*i + 8. Let f(t) = 33*t**3 + 58*t**2 + 81*t + 26. Let x(h) = 8*h**3 + 15*h**2 + 20*h + 7. Let z(o) = -6*f(o) + 25*x(o). What is z(i)?
6
Let b(n) = -n**3 + 2*n**2 - 2. Let g(y) = -2*y**3 + 14*y**2 + 3*y + 18. Let z(m) = -3*b(m) + g(m). Let o be z(-8). Let i(k) = k**2 + k + 4. Determine i(o).
4
Suppose 18*y = 2895 - 573. Let a(q) = 3*q + 46 + 79 - y. What is a(10)?
26
Let q be ((-4)/3)/(16/72). Let z(a) = -a - 11. Let k be z(-12). Let c = q + k. Let x(j) = -j + 7. Determine x(c).
12
Let d(v) be the first derivative of 1/2*v**2 - 9*v + 28. Calculate d(7).
-2
Let o(t) = t**2 + 5*t. Let x be o(-5). Let v(m) = m - 6. Let y(b) be the second derivative of b**3/6 - b**2/2 - 25*b. Let s(f) = -v(f) + 2*y(f). What is s(x)?
4
Let r(l) = -2*l + 24. Let s be r(11). Let a(v) = 0 + 0 + 2 - v**3 + 3*v**s. Let c = 469 + -466. Give a(c).
2
Let k(r) = 5*r**3 + 9*r**2 - 4*r - 4. Let h(n) = 27*n**3 + 47*n**2 - 20*n - 21. Let m(a) = -2*h(a) + 11*k(a). Calculate m(-3).
28
Let b be (-425)/(-136) + (-1)/8. Let f(c) = 4 + c**b + 366*c**2 + 5*c - 179*c**2 - 183*c**2. Determine f(-3).
-2
Let b(c) be the third derivative of c**5/30 + c**4/4 + 3*c**3 - 177*c**2. Calculate b(-4).
26
Let n(j) be the second derivative of j**4/12 + j**3/6 - 2*j**2 - 128*j - 18. Determine n(-5).
16
Let o(y) = -2 - 21*y - y + 12 + 2 - 9. Give o(4).
-85
Let h(m) = 763*m**2 - 3*m. Let x be h(-2). Suppose -30*a = -32*a + x. Let g(n) = -a*n - 4*n**2 + 1529*n + 2. Determine g(-2).
-14
Let w(p) = p**2 - 12*p - 152. Let f be w(20). Let o(h) = 9 + 10*h - 20 - f*h - h**2 + 10*h + 3*h. Give o(13).
15
Let i(z) be the first derivative of z**3/3 - 17*z**2 - 105*z + 1623. Give i(37).
6
Suppose -5*j = -4*p + 13, 0 = -p - 4*j - 24 + 1. Let m(s) be the first derivative of s**4/4 + 4*s**3/3 - 5*s + 2. What is m(p)?
4
Suppose 0 = -5*c + 3*a + 132 - 81, 4*c = a + 38. Let u(t) be the first derivative of t**4/4 - 8*t**3/3 - 5*t**2 - 5. What is u(c)?
-9
Let h(q) = -58*q - 17 - 41*q + 48 + 100*q. What is h(-13)?
18
Let l(q) be the third derivative of -q**4/12 - 14*q**3/3 + 4*q**2. Suppose -u - 14 = 2*g + 3*u, 82 = -4*g + 10*u. Give l(g).
-2
Let s(j) be the third derivative of -j**4/12 + 127*j**3/6 + 8249*j**2. What is s(0)?
127
Let j(c) = -2*c**2 + 31*c - 170. Let g(s) = -3*s**2 + 46*s - 253. Let k(m) = -9*g(m) + 14*j(m). Determine k(10).
-3
Let a(n) = 41*n**2 - n - 5. Let r(l) = -8*l**2 + 1. Let b(h) = a(h) + 5*r(h). Let m(p) = -p**3 - p**2 + 1. Let k be m(-1). Determine b(k).
0
Let q = -7 + -1. Let u = -9 - q. Let k(m) = -18*m - 2. Let o(j) = 25*j + 3. Let c(b) = 4*k(b) + 3*o(b). Calculate c(u).
-2
Let m(g) = -g**3 + 3*g**2 - 5. Suppose 9*k = 5*k + 24. Suppose -k*c + c - 5*f - 5 = 0, -2*c + 23 = -3*f. What is m(c)?
-21
Let o(k) = 3*k**3 + k. Let d(p) = p**2 - 14*p + 29. Let i be d(11). Let z(x) = -x**3 - 6*x**2 - 16*x - 33. Let b be z(i). What is o(b)?
-4
Let c(h) be the third derivative of h**4/8 + h**3/6 - h**2. Let u = 7919 - 7921. Give c(u).
-5
Let i(x) be the second derivative of x**4/12 - 5*x**3/6 - 10*x**2 + 54*x. Let h be i(7). Let z(s) = -s**2 - 6*s + 2. Calculate z(h).
2
Let a = -17 - -22. Let f = -77 - -85. Let h(o) = -1 + 6